4. What are the prime factors of n?
2, 191
Let k = 56 + -29. Suppose 5*h - 7 = -k. Let u = 30 + h. List the prime factors of u.
2, 13
Let b = -6731 + 12962. List the prime factors of b.
3, 31, 67
Let d = 12 - 2. Suppose -w + 315 = 2*k, -4*k - 81 = 4*w - 1345. List the prime factors of w/5 - 4/d.
3, 7
Let v = 49842 - 29540. List the prime factors of v.
2, 10151
Let v(s) be the first derivative of s**4/4 - 8*s**3/3 + 9*s**2/2 - 8*s - 22. Let q be v(7). Suppose q*w - 45 = 693. What are the prime factors of w?
3, 41
Let s(v) = -4*v + 32. Let a be s(8). Suppose a = 2*q - 3*p + 11, 3*p - 14 = 5*q. Let n(z) = 124*z**2 + 2*z - 1. What are the prime factors of n(q)?
11
Let m(u) = 8478*u - 2324. List the prime factors of m(4).
2, 53, 149
Suppose 57951 = 5*v + 3*j, 113*j - 114*j - 23187 = -2*v. What are the prime factors of v?
2, 3, 7, 23
Suppose 20*g + 15390 + 18570 = 0. What are the prime factors of (20/8)/((-3)/g)?
5, 283
Suppose -5*b + 5*r = -16220, -128*b - 4*r + 12928 = -124*b. List the prime factors of b.
2, 1619
Suppose m + g - 5 = -3*m, -20 = -4*m - 4*g. Suppose 17*h + 3*h - 6720 = m. List the prime factors of h.
2, 3, 7
Let u(f) = -f - 17. Let i be u(-25). Suppose 5*o + i - 7 = -4*p, 2*p - 5*o + 23 = 0. What are the prime factors of (8/p)/((-3)/72)?
2, 3
What are the prime factors of (-36)/(-9)*(17 - -15069)?
2, 19, 397
Suppose -4 = 2*u, -5*q + 5*u - 425 = -6260. What are the prime factors of q?
5, 233
Suppose 1083387 = 214*b - 898992 + 734545. List the prime factors of b.
7, 17
Let t(s) = -s**3 - 6*s**2 - 8*s + 46. Let i = -243 - -232. What are the prime factors of t(i)?
739
Suppose 6*d = 4*d + 8. Suppose -4*j + 2*j + 1008 = 0. Suppose d*f - j = -5*f. What are the prime factors of f?
2, 7
Let y be 6*((-91)/(-14) - 6). Suppose 3*m = 8*m + y*f - 1023, 1043 = 5*m - 2*f. What are the prime factors of m?
3, 23
Let d = -42 + 42. Suppose d = a - 6*a + j + 24, 16 = 2*a - 2*j. Suppose 3*o - 450 = 2*q, 0*q - 3*q = -a*o + 600. What are the prime factors of o?
2, 3, 5
Let u be (-2 - -1)/((3 + 1)/428). Let d be (-1 - 121)*(-1)/(-2). Let v = d - u. What are the prime factors of v?
2, 23
Let n = -17 + 94. Let c = 85 - n. Suppose -2*j + c*j = 168. What are the prime factors of j?
2, 7
Let f be 150/130 - (-2)/(-13)*1. Let b be f - (-2)/(-5)*(1 - -479). Let u = -114 - b. List the prime factors of u.
7, 11
Let a(m) = 6*m**3 + 465*m**2 + 60*m + 156. What are the prime factors of a(-77)?
3, 4441
Let t(i) = 2*i**2 - 35*i - 17. Let w be t(18). List the prime factors of (12 - (-1 + w))*106.
2, 3, 53
Let a be (-1 - 878)*(-12)/(5 - 1). Suppose -12*w + a + 4587 = 0. List the prime factors of w.
2, 7, 43
Suppose -i = 3*o + 4, -6*o = -4*o + 5*i + 7. What are the prime factors of (46 - 53) + (1477 - o)?
1471
Let w = -94 + 136. Let j = -37 + w. List the prime factors of (2 - 176/(-6))*(j + -2).
2, 47
Let k(t) = -616*t + 24903. List the prime factors of k(0).
3, 2767
Let h(k) = -45*k**3 + 10*k**2 + 6*k + 31. What are the prime factors of h(-6)?
5, 13, 31
Let z = 77 + -73. Suppose -7*t = -17 - z. Suppose -t*k = 2*h - 112, 3*k + 0*k + 6 = 0. What are the prime factors of h?
59
Let b = -28859 + 33747. List the prime factors of b.
2, 13, 47
Suppose 4*u + 11882 = 273*x - 272*x, -3*x + u = -35690. What are the prime factors of x?
2, 3, 661
Let u(w) = 9*w + 153. Let o be u(-17). Suppose o = 55*n - 73*n + 900. What are the prime factors of n?
2, 5
Let h = -64 - -67. Suppose 5*n + 5*m + 4 = 29, h*m = 15. What are the prime factors of (n - -176) + 4/(-2)?
2, 3, 29
Let f = 89 + -81. Suppose -180 = -3*y + f*y. List the prime factors of (276/(-9))/((-4)/y*-3).
2, 23
Suppose 0 = -3*r - 3*r + 42. Let i(l) = 28*l - 72. Let t be i(r). Suppose 0 = -x - 5*p + 123 + t, -5*p - 227 = -x. List the prime factors of x.
3, 79
Let v = -235 - -247. List the prime factors of (8/v - 0)*(-9036)/(-8).
3, 251
Let w(z) be the first derivative of -7*z**2/2 + 47*z + 1. Let d be w(7). List the prime factors of (-252)/(-14) + 1*d.
2
Let c(s) = -s**3 + s**2 + 2*s + 1093. Let w be c(0). Suppose 0 = -7*x + 2687 + w. List the prime factors of x.
2, 3, 5
Let p be 4*6/10*(-25)/(-10). Suppose p*c - 1060 = 2*c. What are the prime factors of c?
5, 53
Suppose 0 = -6*n + 70 - 82. List the prime factors of -4*19930/(-280) - n/7.
3, 5, 19
Suppose -2626*i + 2676*i - 1576100 = 0. What are the prime factors of i?
2, 15761
What are the prime factors of ((-53)/(-2) + -18)/(3/4956)?
2, 7, 17, 59
Let r(w) be the second derivative of w**4/4 + 9*w**3 - 31*w**2 - 2*w - 9. List the prime factors of r(-25).
463
Suppose 0 = 32*r - 41*r + 36. Suppose 114 = r*z - 558. List the prime factors of z.
2, 3, 7
Suppose 0 = -4*a - 3*y + 2, 5*y - y = -a - 6. Let t be a/(-12)*2 + 968/33. Let i = t + -7. List the prime factors of i.
2, 11
Suppose 81*p = 73*p - 1032. What are the prime factors of -42*(p/6 - -7)?
3, 7, 29
Suppose 28 - 34 = -3*v. Suppose y + 9 = o, -y - 10 = v*o + 4*y. Let s(l) = 11*l + 22. What are the prime factors of s(o)?
7, 11
Suppose 2119 = 9*w + 49. Let b = 371 + w. List the prime factors of b.
601
Let i be (-3)/(-5) + (-177)/(-5). Let z be 17*-27*(-3)/(i/8). Let a = z - 210. What are the prime factors of a?
2, 3
Let i(d) be the third derivative of d**6/120 - d**5/20 + d**4/6 + d**3/6 + 26*d**2 + 2*d. Let h = 1 - -4. List the prime factors of i(h).
71
Let t = -460 + 892. Suppose -8*r + t - 8 = 0. What are the prime factors of r?
53
Suppose 180 = 2*s - 2918. What are the prime factors of s?
1549
Suppose 0 = -2*o - 16, 6*r + 164*o - 166*o - 223240 = 0. What are the prime factors of r?
2, 71, 131
Let o = -14 + 12. Let z(w) = -2*w**3 - 3*w**2 - 3*w - 5. Let h be z(o). What are the prime factors of -4 + 69*h/15?
19
Let z = -16472 - -7496. List the prime factors of (((-8)/(-6))/1)/((-17)/z).
2, 11
Let v(i) = -144*i - 1009. List the prime factors of v(-35).
29, 139
Let v(t) be the first derivative of 71*t**2/2 - 80*t - 6. What are the prime factors of v(3)?
7, 19
Let m = 594 - 589. Let f(p) = 371*p - 46. What are the prime factors of f(m)?
3, 67
Let l(x) = -90*x + 10. Let t be l(-14). Let j = -788 + t. What are the prime factors of j?
2, 241
Let y be 78/(-65) + -5 + 12*24/90. Let r(s) be the third derivative of -5*s**4/6 + 11*s**3/2 + s**2. List the prime factors of r(y).
3, 31
Let o = 29 + -29. Suppose -80 = -4*k + 10*h - 15*h, -4*k = 4*h - 76. List the prime factors of o + 2144/10 - 6/k.
2, 107
Let f(m) = 172*m - 140. Let a(p) = 69*p - 56. Let g(d) = 12*a(d) - 5*f(d). What are the prime factors of g(-10)?
2, 3, 29
Let b(i) = 3*i**2 - 393*i + 494. List the prime factors of b(197).
2, 5, 79
List the prime factors of ((-111798)/(-24))/(30/320).
2, 6211
Suppose 8*q = 5*q + 15. Suppose j = k + 2, -j + 2 = q*k - 6. Suppose -4*p + 146 = r - 422, -j*p = 3*r - 435. What are the prime factors of p?
3, 47
Let v be (10/3)/10 + (-10)/(-6). What are the prime factors of 70 + (-15)/(-5) + v?
3, 5
Let d = -4219 + 8044. List the prime factors of d.
3, 5, 17
Let x(i) = -587*i - 319. List the prime factors of x(-6).
3203
Suppose 2*g = 7*g + 3*j - 15, -4*j - 20 = 0. List the prime factors of (-3)/g*766/(-1).
383
Let g(n) = -9879*n + 1373. What are the prime factors of g(-4)?
31, 1319
Suppose 5*a - 73 = -3*s, 2*a - 3*a + 16 = 2*s. Let l = -9 + a. List the prime factors of ((-2)/l)/(252/255 + -1).
2, 17
Let b = -13083 - -21154. What are the prime factors of b?
7, 1153
Suppose 24*r = -1072 - 8912. Let b = 174 - r. List the prime factors of b.
2, 5, 59
Let h be (-2 - -3)*10 + 2 + -1. Let z(k) = 3 + h*k - 7 + 3 + 5*k**2. List the prime factors of z(-7).
167
List the prime factors of (-231)/2*20592/(-364).
2, 3, 11
Suppose -151*h + 159*h - 88 = 0. Let f(m) = 0*m**2 + m**3 - 9*m**2 - 10*m - 3*m - 1. What are the prime factors of f(h)?
2, 7
Let o = -321 + 315. What are the prime factors of 34/(-51) + (-1144)/o?
2, 5, 19
Let w(a) = 5*a**3 - a**3 - a**3 - 184*a**2 + 183*a**2. Let d be w(1). Suppose -2*q - 3*q + 32 = d*z, q - 22 = -3*z. List the prime factors of z.
2, 3
Let t be 4/14 + (52/14 - 1). Suppose 5*l + 10 = 0, t*s = -6*l + l + 644. List the prime factors of s.
2, 109
Let a be (-693)/(-2) - (-5)/10 - 0. Let z = -143 + a. List the prime factors of z.
2, 3, 17
Suppose -r = -31*j + 30*j - 56211, 4*r - 224842 = 3*j. What are the prime factors of r?
56209
